(m) - 3*h(m). Give v(4).
-13
Let l be 7 + -2 + -2 + -4. Let a(o) = 5*o - 1. Let p(b) = -1. Let k(n) = a(n) - 2*p(n). Give k(l).
-4
Let r(s) = s**3 + 4*s**2 + 2*s + 3. Suppose t + 22 = -4*v, -2*v - 17 = t + v. Calculate r(t).
7
Let o = -167 - -164. Suppose 0 = 5*f, 0 = 4*z - f - 35 + 15. Let p(n) = 2*n + 2. Let r(q) = -3*q - 3. Let c(h) = z*r(h) + 7*p(h). Give c(o).
2
Suppose 0 = 4*j - 5*i - 36, -3*j = 2*j - 5*i - 40. Let o(l) = l**2 - 3*l - 1. Calculate o(j).
3
Let x(h) = -6 + 2*h**3 - 2*h**3 + 4*h**2 - 5*h + h**3. Let o(b) = b - 5. Let j be o(0). Give x(j).
-6
Let o(g) be the first derivative of -7*g**2/2 + 70. Calculate o(1).
-7
Suppose f - 3 = -0. Let s(z) = 8*z**f + z - 4 + 4 - 1 + z**2. Determine s(1).
9
Let g(y) = -y**2 + 6*y - 2. Let s be (7 + -5)*22/2. Suppose -5*x + 8 = -s. Determine g(x).
-2
Let f(k) = -3*k + 2*k - 2*k + k. What is f(-2)?
4
Let d be 155/35 - 3/7. Let f(v) be the second derivative of v**4/12 - 5*v**3/6 - v**2/2 + v. Determine f(d).
-5
Let n(m) = -5*m + 3. Let p(o) = 4*o - 3. Let x(i) = -3*n(i) - 4*p(i). Calculate x(5).
-2
Suppose -4*w - f + 6 = -0*f, -3*w = -2*f + 1. Let r(l) = -7 - w + 3 + l + l**2. Calculate r(-4).
7
Let h(u) = -3*u**2 - 2*u. Suppose -2*l + 5 = 3*l. Let k(d) = -d**3 - 5*d**2 + 7*d + 3. Let v be k(-6). Let x = v + l. Calculate h(x).
-8
Let x(o) = -16*o**3 - 2*o**2 + 1. Let n(j) = -j**2 - j - 1. Let g be n(0). Let h = g + 0. Determine x(h).
15
Let x(o) = 25*o - 4*o**2 - 2*o**3 - 20*o + o**3 - 2. Let f(j) = -j**3 - 4*j**2 + 4*j - 2. Let k(a) = -7*f(a) + 6*x(a). Calculate k(-3).
5
Let q(w) = w**2 + 3*w + 2. Let k = -57 - -54. What is q(k)?
2
Let h(d) = -2*d + 4. Let c = -20 + 23. What is h(c)?
-2
Let x = 27 - 17. Let w = x - 9. Let n(h) be the third derivative of -h**6/24 - h**3/6 + 2*h**2. Give n(w).
-6
Let d(p) = 4*p**3 + 9*p**2 + 12. Let i(j) = j**3 + 3*j**2 + 4. Let c(m) = 2*d(m) - 7*i(m). Give c(3).
-4
Let d(p) = -18 + 6*p + 26 + 0*p**2 - p**2. Let s(h) = h + 7. Let y be s(0). Calculate d(y).
1
Let h(u) = -9 + 18 - 13 - 2*u. Give h(-4).
4
Suppose 4*y - 12 = -4*t, -2*y = -4*t + 7 + 5. Suppose y*d - 6 = 2*d. Let h be d/(3/4) - -2. Let i(q) = -q - 2. Give i(h).
0
Let h(s) = -1 - 13*s + 8*s + 6*s. Calculate h(-3).
-4
Let b(s) = -1. Let l(u) = 15*u**2 - u + 7. Let o(t) = -6*b(t) - l(t). Let r = 4 - 3. What is o(r)?
-15
Let h(a) = 21*a**3 + 4*a**2 - 3*a - 2. Let o(b) = 21*b**3 + 5*b**2 - 4*b - 3. Let g(i) = -3*h(i) + 2*o(i). What is g(1)?
-22
Let n(v) be the first derivative of v**4/4 - 2*v**3/3 - v**2 + 2*v + 11. Calculate n(3).
5
Let p be (-19)/6 - (-5)/30. Let j(l) = l**3 + 4*l**2 + 2*l + 3. What is j(p)?
6
Let f(t) = 6*t**2 - t. Let a = 18 - 17. What is f(a)?
5
Suppose 0*x - 3*x - 12 = 0, 3*c = 2*x + 14. Let q(b) = -5*b + c - b**2 + 2 + 2*b**2. Suppose 3 = -26*t + 107. Determine q(t).
0
Let x be -1*(0 + (-2)/(-3))/(-2). Let y(g) be the third derivative of -1/20*g**5 + 0*g + 1/120*g**6 - x*g**3 + 0 + 1/24*g**4 - 4*g**2. Determine y(2).
-4
Let z(g) = -3*g + 5. Let d(b) = 13*b - 19. Let v(m) = -2*d(m) - 9*z(m). Calculate v(-6).
-13
Let i(x) = x**3 - 9*x**2 - 2*x + 13. Let c be i(9). Let p(t) = t + 3. What is p(c)?
-2
Let a(j) = 2*j + 2 + j**2 + 1 - 2 - 5*j**2 + 2*j**3. Calculate a(2).
5
Suppose 2*t - 11 = -1. Suppose 5*w - 32 = 3*c, -t*w - c - c + 37 = 0. Let l(k) = k**2 - 7*k - 3. What is l(w)?
-3
Let l be (-8 - -2)/(0 - 1). Let c(p) = p**2 - 5*p + 1. Determine c(l).
7
Suppose 0 = -0*g - g + 6. Let h(v) = -3*v + 7. Let q(x) = -x + 2. Let r(t) = -2*h(t) + 7*q(t). Determine r(g).
-6
Let s(p) = -2*p + 5. Let i(q) be the second derivative of -2*q**3/3 - 2*q. Let z be i(-4). Suppose z = 3*h + h. What is s(h)?
-3
Let y be 18/5 + 2/5. Let j(k) = k - 5. Determine j(y).
-1
Let s(k) be the second derivative of k**4/12 + k**3/6 - 3*k**2/2 - 8*k. Let i(m) = -m**2 - 2*m - 1. Let d be i(-3). Calculate s(d).
9
Suppose 21*w - 19*w - 10 = 0. Let f(h) = -h + 8. Calculate f(w).
3
Let m(t) be the third derivative of -t**4/12 - 11*t**3/6 - 41*t**2. Give m(-8).
5
Let i(f) = f**3 - 2*f**2 + 3*f + 3. Let a(h) = -h - 4. Let j be a(7). Let y(o) = -5*o**3 + 9*o**2 - 15*o - 15. Let l(u) = j*i(u) - 2*y(u). Give l(3).
-3
Let f be 3*7/(21/6). Let i(q) be the first derivative of -q**2 + 5*q - 4. What is i(f)?
-7
Let r(a) = 7*a**2 - 5*a - 1. Suppose 13 + 17 = 5*p. Let u(s) = -6*s**2 + 4*s + 1. Let b(g) = p*u(g) + 5*r(g). Calculate b(-4).
-11
Let u(q) = -2*q**3 - 3*q**2. Let d be u(-2). Suppose 9 + 7 = d*f. Let j(z) = -z**2 + 4*z - 4. Calculate j(f).
-4
Let c(h) be the first derivative of h**2/2 + h + 2. What is c(5)?
6
Let r(x) = -x**3 + 6*x**2 - 5*x. Let c be r(5). Suppose c = -5*q + b + 11, -4*q + 2*b = 1 - 5. Let f(l) = -3 + l + 9 - 1 + q. Give f(-6).
2
Let a(h) be the first derivative of 1/8*h**4 + 1/120*h**5 - 1/3*h**3 + 0*h - 2 + 0*h**2. Let f(v) be the third derivative of a(v). Determine f(-2).
1
Let n(p) be the first derivative of p**6/120 + p**4/24 + p**3/6 + 2*p**2 + 1. Let r(j) be the second derivative of n(j). Determine r(-1).
-1
Let d(p) = 2*p - 10. Let r be d(5). Suppose 2*v = 7*v - 100. Suppose -4*w = -r*w - v. Let g(n) = n**2 - 5*n + 7. Determine g(w).
7
Let j be ((-8)/2 - -1)/(-1). Let y be -2*1 + 4 + 1. Suppose 0 = y*w + r - 9, -2*w = -w + r - j. Let d(t) = -t**2 + 2*t + 1. What is d(w)?
-2
Let h(r) = -r**2 - 2*r + 1. Let b(y) = 3*y**2 + 7*y - 2. Let i(g) = 3*b(g) + 8*h(g). What is i(-3)?
-4
Let p(h) = -h + 2. Suppose 17 = -2*m + 13. Calculate p(m).
4
Let p(n) = -n**2 - 3. Let j(k) = k**3 + 5*k**2 - k - 1. Let l be j(-5). Let u be -3 - 2/l*-6. Suppose u = -2*g - 0*g + 3*c, -2*g - 3*c = 0. Calculate p(g).
-3
Let z(n) = -n**2 + 12*n + 4. Let b be z(12). Suppose 0*f = -3*f + 6. Let o(q) = -q**2 + 4*q**2 - b*q**f - 5*q - 1. Calculate o(-2).
5
Let w(y) = -5*y - 1. Let a be 21*(-2 - 21/(-9)). Let n(p) = -p + 6. Let t be n(a). Let h(z) = -1. Let i(l) = t*w(l) + 2*h(l). What is i(-1)?
-6
Let h(s) be the third derivative of -s**6/120 + s**5/10 - s**3/3 - 9*s**2 + 2*s. Determine h(6).
-2
Let q(u) be the second derivative of -u**7/2520 + u**6/144 - u**5/20 - u**4/3 + 3*u. Let y(l) be the third derivative of q(l). Calculate y(4).
-2
Suppose 2*j + 21 = h - 6*h, -4*j - 4*h - 12 = 0. Let f(b) = -2 - j + 1 - b - b. Determine f(-2).
1
Let a(q) = -163*q**2 - 3 - 2 + 164*q**2. Give a(0).
-5
Let n(c) be the second derivative of c**5/120 + c**4/12 - c**3/6 - 7*c. Let d(f) be the second derivative of n(f). What is d(-4)?
-2
Let q be ((-2)/2 - -1) + (-2)/1. Let p(r) = r**2 + 4*r - 1. What is p(q)?
-5
Let s(j) = 4*j**3 - 3*j**2 + j. Let v(k) = 3*k**3 - 3*k**2 + k - 1. Let g(w) = -4*s(w) + 5*v(w). Let u = 2 - 6. Give g(u).
7
Let i be (-108)/15 - 1/(-5). Let j(d) = d + 10. Let h be j(i). Let b(x) = x**2 - 4*x. Calculate b(h).
-3
Let n be (-1)/(-3) + (-56)/6. Suppose -2*s + 20 = 5*y - 3*s, 2*y - 25 = -3*s. Let r = n + y. Let o(v) = v**3 + 3*v**2 - 3*v - 5. Calculate o(r).
-9
Let m(l) = -l**3 - 3*l**2 + 2*l - 3. Suppose 11*h = -42 - 2. Give m(h).
5
Suppose 0 = -2*z + 6 + 4. Suppose q + z*d - 10 = 0, -3*d + 2 = -3*q - 4. Let k(a) = a + 8. Determine k(q).
8
Let f(r) be the second derivative of r**6/180 + r**5/20 + r**4/8 - r**3/6 + 2*r. Let m(g) be the second derivative of f(g). Give m(-4).
11
Let l(z) = 2*z**3 + 62*z**2 - 5. Let a be l(-31). Let d(g) = g + 7. Give d(a).
2
Let d(a) = -a**3 - 2*a**2 + 5*a + 3. Let x be d(-3). Let q = 3 + x. Suppose 5*t - 3*t + 8 = q. Let h(w) = w**2 + 5*w + 2. What is h(t)?
-2
Let b(f) = 3*f + 1. Suppose -m + 9 = -4*m. Calculate b(m).
-8
Let b(f) = 8*f**2 - f - 2. Let q(o) = o**2 + o - 1. Let u(z) = b(z) - 6*q(z). Let h(g) = -3*g**3 + 2*g**2 + 2*g + 1. Let s be h(-1). What is u(s)?
8
Let v(i) = i**2 + 3*i + 4. Let w(u) = 3*u - 16. Let t be w(4). Give v(t).
8
Suppose 5 = -3*d - 10. Let p = 3 + d. Let b(a) = a**2 + 2*a - 1. Determine b(p).
-1
Let j(v) = -4*v - 1. Let p(k) = k - 3. Let i be p(-4). Let q(m) = -m**3 - 6*m**2 + 6*m - 8. Let y be q(i). Calculate j(y).
3
Let l(x) = x. Let s be ((-2 + -7)/3)/(-1). What is l(s)?
3
Let q(h) = -2*h**2 - h + 2. Let r(l) = l**2 - 4*l**2 + l + 4*l**2. Let t(a) = q(a) + 5*r(a). Calculate t(-2).
6
Let a(g) be the first derivative of 3*g**2/2 + 11*g - 3. Let k(b) = b + 4. Let h(y) = 6*a(y) - 17*k(y). Determine h(-4).
-6
Suppose 38 + 47 = -5*q. Let v = 13 + q. Let u(s) = s**3 +